{"id":11,"date":"2024-11-17T11:35:21","date_gmt":"2024-11-17T11:35:21","guid":{"rendered":"https:\/\/hoof-care-kiel.de\/?page_id=11"},"modified":"2026-04-13T19:14:09","modified_gmt":"2026-04-13T19:14:09","slug":"angebot","status":"publish","type":"page","link":"https:\/\/hoof-care-kiel.de\/?page_id=11","title":{"rendered":"Angebot"},"content":{"rendered":"\n<p><\/p>\n\n\n\n<figure class=\"wp-block-gallery has-nested-images columns-default is-cropped wp-block-gallery-1 is-layout-flex wp-block-gallery-is-layout-flex\">\n<figure class=\"wp-block-image size-large\"><img loading=\"lazy\" decoding=\"async\" width=\"768\" height=\"1024\" data-id=\"56\" src=\"https:\/\/hoof-care-kiel.de\/wp-content\/uploads\/2025\/01\/HufA-vorher-klein-3.jpg\" alt=\"\" class=\"wp-image-56\" srcset=\"https:\/\/hoof-care-kiel.de\/wp-content\/uploads\/2025\/01\/HufA-vorher-klein-3.jpg 768w, https:\/\/hoof-care-kiel.de\/wp-content\/uploads\/2025\/01\/HufA-vorher-klein-3-225x300.jpg 225w\" sizes=\"auto, (max-width: 768px) 100vw, 768px\" \/><\/figure>\n\n\n\n<figure class=\"wp-block-image size-large\"><img loading=\"lazy\" decoding=\"async\" width=\"768\" height=\"1024\" data-id=\"55\" src=\"https:\/\/hoof-care-kiel.de\/wp-content\/uploads\/2025\/01\/HufA-nachher-klein-4.jpg\" alt=\"\" class=\"wp-image-55\" srcset=\"https:\/\/hoof-care-kiel.de\/wp-content\/uploads\/2025\/01\/HufA-nachher-klein-4.jpg 768w, https:\/\/hoof-care-kiel.de\/wp-content\/uploads\/2025\/01\/HufA-nachher-klein-4-225x300.jpg 225w\" sizes=\"auto, (max-width: 768px) 100vw, 768px\" \/><\/figure>\n<\/figure>\n\n\n\n<p>Barhufbearbeitung \/ Barhufpflege, Umstellung von Hufeisen auf Barhuf.<\/p>\n\n\n\n<p>Eine Barhufbearbeitung kostet inkl. Anfahrt bis 25km 50,00\u20ac, bei der Umstellung auf Barhuf fallen einmalig 20,00\u20ac f\u00fcr die Abnahme der Eisen an. Barhufbearbeitung am Kaltblut 65,00\u20ac.<\/p>\n\n\n\n<p>Anwendungen von Keralit Undercover bzw. Artimud sind bei Bedarf im Bearbeitungspreis enthalten.<\/p>\n\n\n\n<p>Behandlung von Strahlf\u00e4ule nach Hufbearbeitung, 2,50\u20ac pro Huf. Verwendet wird bei mir Strahlfoili.<br><\/p>\n\n\n\n<p>Bei Bearbeitung nach zu langem Zeitintervallen, vernachl\u00e4ssigten Hufen, oder schwierigen Pferden kann der Mehraufwand mit 10\u20ac berechnet werden. <\/p>\n\n\n\n<p><\/p>\n\n\n\n<p><\/p>\n\n\n\n<p><\/p>\n\n\n\n<p><strong>Good Smith Klebebeschlag, inkl. vorheriger Hufbearbeitung:<\/strong><\/p>\n\n\n\n<p> 90-100 mm Hufbreite f\u00fcr 120,00\u20ac, 2 Hufe<\/p>\n\n\n\n<p>110-120 mm Hufbreite f\u00fcr 140,00\u20ac, 2 Hufe<\/p>\n\n\n\n<p>130-140 mm Hufbreite f\u00fcr 150,00\u20ac, 2 Hufe<\/p>\n\n\n\n<p>150-160mm Hufbreite f\u00fcr 160,00\u20ac, 2 Hufe<\/p>\n\n\n\n<p>170-190mm Hufbreite f\u00fcr 170,00\u20ac, 2 Hufe<\/p>\n\n\n\n<p><\/p>\n\n\n\n<p>Die Anwendung von Keralit Undercover unter dem Kunststoffbeschlag ist im Preis enthalten.<\/p>\n\n\n\n<p><\/p>\n\n\n\n<p>Im Normalfall empfehle ich einen Zeitraum von 4 bis 6 Wochen zwischen den Bearbeitungen. Dieser Intervall kann z. B. bedingt durch starkes Hornwachstum,&nbsp; unterschiedliche Abnutzung aber auch bei notwendigen Korrekturen zu Fehlstellungen etwas variieren. Hier gibt das Pferd den Takt vor. Aus Erfahrung sind 5 Wochen die Regel.<\/p>\n\n\n\n<p>Die Bearbeitung erfolgt nicht in einer Box, der Pferdebesitzer, oder eine von Ihm beauftragte Person muss vor Ort sein um das Pferd am Strick zu halten. Der Bearbeitungsplatz muss einen festen, rutschsicheren Untergrund aufweisen und im Idealfall \u00fcber ausreichend Beleuchtung verf\u00fcgen. Der Platz f\u00fcr die Hufbearbeitung muss ausreichend gro\u00df, wettergesch\u00fctzt und ruhig sein.<\/p>\n\n\n\n<p>Eine Bitte: In der Sommerzeit sind die Hufe hart &amp; trocken. Es erleichtert uns Hufbearbeitern die Arbeit ungemein, wenn die Hufe kurz vor der Bearbeitung gew\u00e4ssert, bzw. eingeweicht werden. Danke.<\/p>\n\n\n\n<figure class=\"wp-block-gallery has-nested-images columns-default is-cropped wp-block-gallery-2 is-layout-flex wp-block-gallery-is-layout-flex\">\n<figure class=\"wp-block-image size-large\"><img loading=\"lazy\" decoding=\"async\" width=\"768\" height=\"1024\" data-id=\"57\" src=\"https:\/\/hoof-care-kiel.de\/wp-content\/uploads\/2025\/01\/Helmut-1-klein-3.jpg\" alt=\"\" class=\"wp-image-57\" srcset=\"https:\/\/hoof-care-kiel.de\/wp-content\/uploads\/2025\/01\/Helmut-1-klein-3.jpg 768w, https:\/\/hoof-care-kiel.de\/wp-content\/uploads\/2025\/01\/Helmut-1-klein-3-225x300.jpg 225w\" sizes=\"auto, (max-width: 768px) 100vw, 768px\" \/><\/figure>\n\n\n\n<figure class=\"wp-block-image size-large\"><img loading=\"lazy\" decoding=\"async\" width=\"768\" height=\"1024\" data-id=\"58\" src=\"https:\/\/hoof-care-kiel.de\/wp-content\/uploads\/2025\/01\/Helmut-2-klein-3.jpg\" alt=\"\" class=\"wp-image-58\" srcset=\"https:\/\/hoof-care-kiel.de\/wp-content\/uploads\/2025\/01\/Helmut-2-klein-3.jpg 768w, https:\/\/hoof-care-kiel.de\/wp-content\/uploads\/2025\/01\/Helmut-2-klein-3-225x300.jpg 225w\" sizes=\"auto, (max-width: 768px) 100vw, 768px\" \/><\/figure>\n<\/figure>\n\n\n\n<p><\/p>\n\n\n\n<p>Du hast mehr als ein Pferd? Deine Pferde stehen zwischen Hamburg und Kiel? Wir, Lara von Hufschnitt aus Hamburg und Helmut von Hoof Care Kiel, \u00fcbernehmen als Hufteam HeLa auch kleinere Gruppen von Pferden. Melde Dich einfach f\u00fcr ein unverbindliches Kennenlernen, oder besuche uns auf Instagram.<\/p>\n\n\n\n<p><\/p>\n\n\n\n<figure class=\"wp-block-image size-large\"><img loading=\"lazy\" decoding=\"async\" width=\"1024\" height=\"1024\" src=\"https:\/\/hoof-care-kiel.de\/wp-content\/uploads\/2025\/09\/Logo_HELA_FINAL_10x10cm-1024x1024.jpg\" alt=\"\" class=\"wp-image-154\" srcset=\"https:\/\/hoof-care-kiel.de\/wp-content\/uploads\/2025\/09\/Logo_HELA_FINAL_10x10cm-1024x1024.jpg 1024w, https:\/\/hoof-care-kiel.de\/wp-content\/uploads\/2025\/09\/Logo_HELA_FINAL_10x10cm-300x300.jpg 300w, https:\/\/hoof-care-kiel.de\/wp-content\/uploads\/2025\/09\/Logo_HELA_FINAL_10x10cm-150x150.jpg 150w, https:\/\/hoof-care-kiel.de\/wp-content\/uploads\/2025\/09\/Logo_HELA_FINAL_10x10cm-768x768.jpg 768w, https:\/\/hoof-care-kiel.de\/wp-content\/uploads\/2025\/09\/Logo_HELA_FINAL_10x10cm.jpg 1205w\" sizes=\"auto, (max-width: 1024px) 100vw, 1024px\" \/><\/figure>\n\n\n\n<p><\/p>\n","protected":false},"excerpt":{"rendered":"<p>Barhufbearbeitung \/ Barhufpflege, Umstellung von Hufeisen auf Barhuf. Eine Barhufbearbeitung kostet inkl. Anfahrt bis 25km 50,00\u20ac, bei der Umstellung auf Barhuf fallen einmalig 20,00\u20ac f\u00fcr die Abnahme der Eisen an. Barhufbearbeitung am Kaltblut 65,00\u20ac. Anwendungen von Keralit Undercover bzw. Artimud sind bei Bedarf im Bearbeitungspreis enthalten. Behandlung von Strahlf\u00e4ule nach Hufbearbeitung, 2,50\u20ac pro Huf. Verwendet [&hellip;]<\/p>\n","protected":false},"author":2,"featured_media":0,"parent":62,"menu_order":0,"comment_status":"closed","ping_status":"closed","template":"","meta":{"footnotes":""},"class_list":["post-11","page","type-page","status-publish","hentry"],"_links":{"self":[{"href":"https:\/\/hoof-care-kiel.de\/index.php?rest_route=\/wp\/v2\/pages\/11","targetHints":{"allow":["GET"]}}],"collection":[{"href":"https:\/\/hoof-care-kiel.de\/index.php?rest_route=\/wp\/v2\/pages"}],"about":[{"href":"https:\/\/hoof-care-kiel.de\/index.php?rest_route=\/wp\/v2\/types\/page"}],"author":[{"embeddable":true,"href":"https:\/\/hoof-care-kiel.de\/index.php?rest_route=\/wp\/v2\/users\/2"}],"replies":[{"embeddable":true,"href":"https:\/\/hoof-care-kiel.de\/index.php?rest_route=%2Fwp%2Fv2%2Fcomments&post=11"}],"version-history":[{"count":13,"href":"https:\/\/hoof-care-kiel.de\/index.php?rest_route=\/wp\/v2\/pages\/11\/revisions"}],"predecessor-version":[{"id":166,"href":"https:\/\/hoof-care-kiel.de\/index.php?rest_route=\/wp\/v2\/pages\/11\/revisions\/166"}],"up":[{"embeddable":true,"href":"https:\/\/hoof-care-kiel.de\/index.php?rest_route=\/wp\/v2\/pages\/62"}],"wp:attachment":[{"href":"https:\/\/hoof-care-kiel.de\/index.php?rest_route=%2Fwp%2Fv2%2Fmedia&parent=11"}],"curies":[{"name":"wp","href":"https:\/\/api.w.org\/{rel}","templated":true}]}}