{"id":62,"date":"2025-01-14T18:10:48","date_gmt":"2025-01-14T18:10:48","guid":{"rendered":"https:\/\/hoof-care-kiel.de\/?page_id=62"},"modified":"2025-07-06T09:34:58","modified_gmt":"2025-07-06T09:34:58","slug":"home","status":"publish","type":"page","link":"https:\/\/hoof-care-kiel.de\/","title":{"rendered":"HOME"},"content":{"rendered":"\n<figure class=\"wp-block-image size-large\"><img loading=\"lazy\" decoding=\"async\" width=\"1024\" height=\"461\" src=\"https:\/\/hoof-care-kiel.de\/wp-content\/uploads\/2025\/01\/Gimsteinn-1024x461.jpg\" alt=\"\" class=\"wp-image-72\" srcset=\"https:\/\/hoof-care-kiel.de\/wp-content\/uploads\/2025\/01\/Gimsteinn-1024x461.jpg 1024w, https:\/\/hoof-care-kiel.de\/wp-content\/uploads\/2025\/01\/Gimsteinn-300x135.jpg 300w, https:\/\/hoof-care-kiel.de\/wp-content\/uploads\/2025\/01\/Gimsteinn-768x346.jpg 768w, https:\/\/hoof-care-kiel.de\/wp-content\/uploads\/2025\/01\/Gimsteinn-1536x691.jpg 1536w, https:\/\/hoof-care-kiel.de\/wp-content\/uploads\/2025\/01\/Gimsteinn.jpg 1600w\" sizes=\"auto, (max-width: 1024px) 100vw, 1024px\" \/><\/figure>\n\n\n\n<p>Helmut Luhm, Hufbearbeitung \/ Hufpflege, biomechanisch geschult [ BMG ], Ausbildung am Lehrinstitut von Dr. Michael Zanger \/ LTZ. Mitglied im Deutschen Hufpflege &amp; Huftechnik Verband e.V.<\/p>\n\n\n\n<p>Ich k\u00fcmmere mich im Gro\u00dfraum Kiel um Eure Barhufpferde. Mit Geduld und professioneller Herangehensweise, denn das Wohl Eurer Pferde steht f\u00fcr mich, wie f\u00fcr Euch an erster Stelle.<\/p>\n\n\n\n<p>Durch die methodenoffene Ausbildung am LTZ bin ich auf keine bestimmte Richtung \/ Philosophie der Hufbearbeitung festgelegt.<\/p>\n\n\n\n<p>Methodenoffen bedeutet, dass immer die bestm\u00f6gliche Bearbeitung f\u00fcr das jeweilige Pferd zu finden ist. Zu dieser Findung geh\u00f6ren auch Faktoren wie Anatomie, Alter, Erkrankungen, Haltung &amp; Nutzung. Am Ende steht eine optimale, individuelle Bearbeitung f\u00fcr jedes Pferd.<\/p>\n\n\n\n<p><\/p>\n\n\n\n<p><\/p>\n\n\n\n<p><\/p>\n\n\n\n<p><\/p>\n","protected":false},"excerpt":{"rendered":"<p>Helmut Luhm, Hufbearbeitung \/ Hufpflege, biomechanisch geschult [ BMG ], Ausbildung am Lehrinstitut von Dr. Michael Zanger \/ LTZ. Mitglied im Deutschen Hufpflege &amp; Huftechnik Verband e.V. Ich k\u00fcmmere mich im Gro\u00dfraum Kiel um Eure Barhufpferde. Mit Geduld und professioneller Herangehensweise, denn das Wohl Eurer Pferde steht f\u00fcr mich, wie f\u00fcr Euch an erster Stelle. [&hellip;]<\/p>\n","protected":false},"author":2,"featured_media":0,"parent":0,"menu_order":0,"comment_status":"closed","ping_status":"closed","template":"","meta":{"footnotes":""},"class_list":["post-62","page","type-page","status-publish","hentry"],"_links":{"self":[{"href":"https:\/\/hoof-care-kiel.de\/index.php?rest_route=\/wp\/v2\/pages\/62","targetHints":{"allow":["GET"]}}],"collection":[{"href":"https:\/\/hoof-care-kiel.de\/index.php?rest_route=\/wp\/v2\/pages"}],"about":[{"href":"https:\/\/hoof-care-kiel.de\/index.php?rest_route=\/wp\/v2\/types\/page"}],"author":[{"embeddable":true,"href":"https:\/\/hoof-care-kiel.de\/index.php?rest_route=\/wp\/v2\/users\/2"}],"replies":[{"embeddable":true,"href":"https:\/\/hoof-care-kiel.de\/index.php?rest_route=%2Fwp%2Fv2%2Fcomments&post=62"}],"version-history":[{"count":7,"href":"https:\/\/hoof-care-kiel.de\/index.php?rest_route=\/wp\/v2\/pages\/62\/revisions"}],"predecessor-version":[{"id":141,"href":"https:\/\/hoof-care-kiel.de\/index.php?rest_route=\/wp\/v2\/pages\/62\/revisions\/141"}],"wp:attachment":[{"href":"https:\/\/hoof-care-kiel.de\/index.php?rest_route=%2Fwp%2Fv2%2Fmedia&parent=62"}],"curies":[{"name":"wp","href":"https:\/\/api.w.org\/{rel}","templated":true}]}}